{"id":2,"date":"2025-10-30T19:16:35","date_gmt":"2025-10-30T19:16:35","guid":{"rendered":"http:\/\/amicala.cluster121.hosting.ovh.net\/?page_id=2"},"modified":"2025-10-31T01:21:57","modified_gmt":"2025-10-31T00:21:57","slug":"sample-page","status":"publish","type":"page","link":"https:\/\/www.amicaledesparents.fr\/index.php\/sample-page\/","title":{"rendered":"Nos Engagements"},"content":{"rendered":"\n<p>L\u2019Amicale des Parents d\u2019\u00c9l\u00e8ves des \u00e9tablissements scolaires de Saint-G\u00e9ly-du-Fesc et de Saint-Cl\u00e9ment-de-Rivi\u00e8re est bien plus qu\u2019un simple groupe de parents : c\u2019est une \u00e9quipe dynamique, investie et toujours \u00e0 l\u2019\u00e9coute pour le bien-\u00eatre de nos enfants.<\/p>\n\n\n\n<p><strong>Active au quotidien<\/strong><\/p>\n\n\n\n<p>L\u2019Amicale joue un r\u00f4le essentiel dans la vie scolaire, que ce soit pour organiser des \u00e9v\u00e9nements scolaires, soutenir les projets p\u00e9dagogiques ou repr\u00e9senter les familles aupr\u00e8s des \u00e9tablissements. Son engagement contribue \u00e0 cr\u00e9er un environnement plus convivial, plus solidaire et plus enrichissant pour tous les \u00e9l\u00e8ves.<\/p>\n\n\n\n<p>Nous agissons notamment sur les points suivants :<\/p>\n\n\n\n<ul class=\"wp-block-list\">\n<li><strong>Am\u00e9liorer les conditions d\u2019accueil et de travail de nos enfants<\/strong>&nbsp;: proposer des am\u00e9nagements pour la chaleur, faire remonter les probl\u00e9matiques d&rsquo;entretien, de s\u00e9curit\u00e9, d\u2019hygi\u00e8ne&#8230;<\/li>\n\n\n\n<li><strong>Agir pour de meilleures conditions d\u2019accueil de la classe ULIS<\/strong>&nbsp;(Unit\u00e9 Localis\u00e9e pour l\u2019Inclusion Scolaire)<\/li>\n\n\n\n<li><strong>Participer aux v\u00e9g\u00e9talisations des cours d\u00e8s la concertation<\/strong><\/li>\n\n\n\n<li><strong>Soutenir les demandes de travaux dans les \u00e9coles<\/strong><\/li>\n\n\n\n<li><strong>Suivre le quotidien scolaire et p\u00e9riscolaire de nos enfants<\/strong><\/li>\n\n\n\n<li><strong>Soutenir une cantine de qualit\u00e9<\/strong>&nbsp;(bio, circuits courts), s\u2019impliquer lors des comit\u00e9s cantine, assister \u00e0 la pause m\u00e9ridienne et aux repas plusieurs fois dans l\u2019ann\u00e9e<\/li>\n\n\n\n<li><strong>Organiser des actions<\/strong>&nbsp;(f\u00eate de l\u2019\u00e9cole, ventes de g\u00e2teaux, sapins, plantes\u2026) pour aider les \u00e9tablissements \u00e0 financer les sorties<\/li>\n<\/ul>\n\n\n\n<p><strong>Ind\u00e9pendante<\/strong><\/p>\n\n\n\n<p>L\u2019Amicale est une association ind\u00e9pendante dont&nbsp;<strong>les d\u00e9cisions sont prises localement avec les adh\u00e9rents<\/strong>, sans avoir besoin de l\u2019aval d\u2019instances r\u00e9gionales ou nationales.<\/p>\n\n\n\n<p><strong>Connect\u00e9e<\/strong><\/p>\n\n\n\n<p>Suivez-nous sur&nbsp;<a href=\"https:\/\/www.facebook.com\/ApeStgely\/\">Facebook&nbsp;<\/a>pour ne rien manquer!<\/p>\n\n\n\n<p>Rejoignez&nbsp;<strong>nos groupes d&rsquo;information locaux<\/strong>&nbsp;pour rester connect\u00e9s \u00e0 la vie de l&rsquo;\u00e9tablissement de votre ou vos enfants.&nbsp;Ils permettent un suivi de proximit\u00e9 et une communication directe avec les familles.<\/p>\n\n\n\n<p>Prenez contact avec nous devant les \u00e9tablissements ou lors des r\u00e9unions et activit\u00e9s \u00e0 l\u2019\u00e9cole.<\/p>\n\n\n\n<p><\/p>\n","protected":false},"excerpt":{"rendered":"<p>L\u2019Amicale des Parents d\u2019\u00c9l\u00e8ves des \u00e9tablissements scolaires de Saint-G\u00e9ly-du-Fesc et de Saint-Cl\u00e9ment-de-Rivi\u00e8re est bien plus qu\u2019un simple groupe de parents : c\u2019est une \u00e9quipe dynamique, investie et toujours \u00e0 l\u2019\u00e9coute pour le bien-\u00eatre de nos enfants. Active au quotidien L\u2019Amicale joue un r\u00f4le essentiel dans la vie scolaire, que ce soit pour organiser des \u00e9v\u00e9nements [&hellip;]<\/p>\n","protected":false},"author":1,"featured_media":0,"parent":0,"menu_order":0,"comment_status":"closed","ping_status":"open","template":"","meta":{"footnotes":""},"class_list":["post-2","page","type-page","status-publish","hentry"],"_links":{"self":[{"href":"https:\/\/www.amicaledesparents.fr\/index.php\/wp-json\/wp\/v2\/pages\/2","targetHints":{"allow":["GET"]}}],"collection":[{"href":"https:\/\/www.amicaledesparents.fr\/index.php\/wp-json\/wp\/v2\/pages"}],"about":[{"href":"https:\/\/www.amicaledesparents.fr\/index.php\/wp-json\/wp\/v2\/types\/page"}],"author":[{"embeddable":true,"href":"https:\/\/www.amicaledesparents.fr\/index.php\/wp-json\/wp\/v2\/users\/1"}],"replies":[{"embeddable":true,"href":"https:\/\/www.amicaledesparents.fr\/index.php\/wp-json\/wp\/v2\/comments?post=2"}],"version-history":[{"count":4,"href":"https:\/\/www.amicaledesparents.fr\/index.php\/wp-json\/wp\/v2\/pages\/2\/revisions"}],"predecessor-version":[{"id":80,"href":"https:\/\/www.amicaledesparents.fr\/index.php\/wp-json\/wp\/v2\/pages\/2\/revisions\/80"}],"wp:attachment":[{"href":"https:\/\/www.amicaledesparents.fr\/index.php\/wp-json\/wp\/v2\/media?parent=2"}],"curies":[{"name":"wp","href":"https:\/\/api.w.org\/{rel}","templated":true}]}}